 the greatest common divisor of 116 and 93902.
58
What is the highest common divisor of 15025 and 625?
25
Calculate the highest common divisor of 190 and 2680.
10
Calculate the highest common factor of 151921 and 14.
7
Calculate the greatest common divisor of 197 and 945.
1
Calculate the greatest common factor of 152 and 8504.
8
Calculate the highest common factor of 687004 and 34.
34
What is the highest common factor of 8174 and 31?
1
What is the greatest common divisor of 46675 and 775?
25
Calculate the highest common divisor of 64160 and 240.
80
What is the greatest common factor of 100126 and 130?
26
What is the highest common divisor of 10430 and 182674?
298
What is the highest common factor of 135 and 965?
5
Calculate the highest common divisor of 26 and 29380.
26
What is the greatest common divisor of 4194 and 924?
6
Calculate the greatest common factor of 424130 and 19418.
1022
Calculate the greatest common divisor of 565 and 270.
5
Calculate the greatest common factor of 265791 and 57.
57
Calculate the highest common divisor of 2125 and 391.
17
What is the greatest common factor of 26364 and 1716?
156
What is the highest common factor of 216 and 1116072?
216
What is the highest common factor of 1998 and 63418?
74
What is the highest common divisor of 1274 and 173?
1
What is the highest common divisor of 1447755 and 15?
15
Calculate the greatest common factor of 3921840 and 20.
20
What is the greatest common factor of 448 and 7728?
112
Calculate the greatest common divisor of 52415 and 209.
11
What is the greatest common divisor of 4053 and 469?
7
What is the highest common factor of 50 and 119825?
25
What is the greatest common factor of 22458 and 608?
38
What is the highest common factor of 510 and 14810?
10
Calculate the highest common divisor of 9620 and 7992.
148
Calculate the highest common factor of 943 and 5863.
41
What is the greatest common factor of 277836 and 38908?
548
Calculate the greatest common divisor of 43386 and 826.
14
What is the highest common divisor of 522 and 812?
58
What is the highest common factor of 5802 and 147?
3
What is the highest common factor of 476 and 278222?
238
What is the highest common factor of 81 and 54?
27
What is the greatest common factor of 435 and 5205?
15
Calculate the greatest common divisor of 1431 and 630117.
477
What is the greatest common factor of 441210 and 7?
7
Calculate the highest common factor of 84 and 215220.
12
Calculate the highest common divisor of 7455294 and 924.
462
Calculate the highest common factor of 150 and 15491550.
150
Calculate the highest common factor of 871 and 3819.
67
What is the greatest common divisor of 1592732 and 57?
19
Calculate the greatest common factor of 74 and 639767.
37
Calculate the highest common divisor of 385 and 176.
11
What is the greatest common factor of 89100 and 105?
15
Calculate the greatest common factor of 15579 and 1593.
27
Calculate the highest common factor of 53659 and 115.
23
Calculate the greatest common divisor of 1936 and 4630428.
484
What is the greatest common divisor of 740 and 2275?
5
Calculate the greatest common divisor of 7981 and 161.
23
Calculate the highest common factor of 3456 and 19764.
108
Calculate the greatest common divisor of 1120 and 50120.
280
What is the highest common factor of 143139 and 6?
3
What is the highest common factor of 512 and 278784?
256
What is the highest common factor of 6117 and 2?
1
Calculate the highest common divisor of 140250 and 102.
102
What is the highest common divisor of 11663 and 1853?
109
What is the greatest common factor of 3186 and 576?
18
Calculate the highest common divisor of 1037 and 7381.
61
What is the highest common factor of 1738 and 1364?
22
What is the greatest common divisor of 3864 and 2667?
21
Calculate the greatest common divisor of 34430 and 20.
10
What is the greatest common divisor of 1292019 and 2386?
1193
What is the greatest common factor of 11700 and 34900?
100
What is the greatest common divisor of 4650 and 118110?
930
What is the greatest common factor of 428694 and 84?
42
Calculate the highest common factor of 14 and 41867.
7
What is the greatest common divisor of 180460 and 560?
140
Calculate the highest common divisor of 386 and 334.
2
Calculate the greatest common divisor of 255 and 81495.
15
Calculate the greatest common factor of 10896 and 264.
24
What is the greatest common factor of 629285 and 254?
127
What is the highest common factor of 153616 and 240?
16
Calculate the greatest common divisor of 3895 and 6080.
95
Calculate the highest common divisor of 2652 and 4539.
51
Calculate the greatest common factor of 98 and 284494.
98
Calculate the greatest common factor of 250016 and 832.
416
Calculate the greatest common factor of 64 and 56224.
32
Calculate the highest common factor of 369639 and 7839.
603
What is the highest common divisor of 1519 and 86366?
217
What is the highest common divisor of 276108 and 5536?
692
Calculate the highest common divisor of 42427 and 71137.
319
Calculate the highest common factor of 42260 and 55.
5
Calculate the highest common divisor of 473 and 41323.
43
What is the highest common factor of 308841 and 117?
39
Calculate the greatest common divisor of 968617 and 13.
13
What is the highest common factor of 450187 and 764?
191
Calculate the highest common factor of 436251 and 3.
3
Calculate the highest common divisor of 1116 and 4800.
12
Calculate the greatest common factor of 1953 and 189.
63
What is the highest common divisor of 416 and 1898104?
104
What is the highest common divisor of 159625 and 625?
125
Calculate the greatest common factor of 582 and 16684.
194
What is the highest common factor of 15 and 1571615?
5
Calculate the highest common factor of 6501 and 295500.
591
Calculate the greatest common divisor of 6365 and 675.
5
Calculate the greatest common factor of 1 and 421.
1
Calculate the greatest common factor of 988317 and 2144.
67
Calculate the greatest common factor of 290655 and 1350.
135
Calculate the highest common factor of 165 and 1060995.
15
Calculate the greatest common factor of 1334 and 23519.
29
Calculate the highest common divisor of 80 and 19952.
16
What is the highest common factor of 358770 and 60?
30
Calculate the highest common factor of 245 and 2485.
35
Calculate the highest common factor of 3264 and 512.
64
What is the greatest common divisor of 2379 and 23121501?
2379
What is the highest common factor of 20 and 241?
1
Calculate the greatest common divisor of 180 and 62955.
45
What is the highest common factor of 49491 and 783?
27
Calculate the highest common factor of 1013954 and 76.
38
What is the highest common divisor of 195 and 18885?
15
Calculate the highest common factor of 4370 and 165870.
190
What is the highest common factor of 50 and 30?
10
Calculate the highest common factor of 78 and 2093351.
13
What is the highest common divisor of 2771316 and 828?
828
Calculate the greatest common divisor of 1452 and 108.
12
Calculate the greatest common divisor of 16784 and 16.
16
Calculate the greatest common divisor of 5529 and 399.
57
Calculate the greatest common divisor of 26 and 605098.
26
What is the highest common divisor of 1323 and 3724?
49
What is the greatest common divisor of 854 and 430843?
427
Calculate the greatest common divisor of 309000 and 22248.
2472
Calculate the highest common factor of 29542 and 2.
2
Calculate the greatest common factor of 47531 and 87.
29
Calculate the greatest common factor of 138 and 74934.
138
Calculate the greatest common divisor of 9823 and 2961.
47
What is the greatest common factor of 598 and 315094?
26
What is the highest common factor of 33193 and 304?
19
Calculate the greatest common divisor of 13747 and 59.
59
Calculate the greatest common factor of 340 and 49130.
170
What is the greatest common divisor of 12 and 94096?
4
What is the greatest common factor of 4713256 and 24?
8
Calculate the greatest common factor of 9488 and 540.
4
Calculate the highest common divisor of 35574 and 18150.
726
What is the highest common factor of 87556 and 3392?
212
What is the highest common divisor of 7982 and 78?
26
Calculate the highest common factor of 10747410 and 30.
30
Calculate the greatest common divisor of 708444 and 44.
44
Calcul